{"id":58,"date":"2012-11-09T20:10:37","date_gmt":"2012-11-09T19:10:37","guid":{"rendered":"http:\/\/relangesbio.fr\/?page_id=58"},"modified":"2026-04-13T07:54:39","modified_gmt":"2026-04-13T06:54:39","slug":"contacts","status":"publish","type":"page","link":"https:\/\/relangesbio.fr\/?page_id=58","title":{"rendered":"Restauration 2026"},"content":{"rendered":"\n<p><strong><em>Samedi soir et Dimanche midi<\/em><\/strong><\/p>\n\n\n\n<p><strong><em>&nbsp;<\/em><\/strong><strong><em>Possibilit\u00e9 de restauration le samedi midi pour les exposantsTRUCK de FOU<\/em><\/strong><em>, COURTOIS Nina, &nbsp;\u2013 Tel: 07 86 58 51 91 \u2013 Mel: truckdefou@yahoo.com \u2013 Vente de plats traditionnels de type burgers , salades, desserts.<\/em><\/p>\n\n\n\n<p><strong><em>Un&nbsp; \u00ab Repas Bio 88 \u00bb est organis\u00e9 dans le cadre de la f\u00eate Relanges Bio du 18 et 19 avril 2026<\/em><\/strong><\/p>\n\n\n\n<figure class=\"wp-block-image size-full\"><a href=\"https:\/\/relangesbio.fr\/wp-content\/uploads\/2026\/02\/image.jpeg\"><img loading=\"lazy\" decoding=\"async\" width=\"300\" height=\"188\" src=\"https:\/\/relangesbio.fr\/wp-content\/uploads\/2026\/02\/image.jpeg\" alt=\"\" class=\"wp-image-3161\"\/><\/a><\/figure>\n\n\n\n<p><a href=\"https:\/\/relangesbio.fr\/wp-content\/uploads\/2025\/04\/Repas-Bio-88-logo.jpg\"><em><\/em><\/a><\/p>\n\n\n\n<p><em>\u00ab&nbsp;REPAS BIO 88 \u00bb est une initiative port\u00e9e par le GAB des Vosges, en partenariat avec la Chambre d\u2019Agriculture des Vosges et le Conseil G\u00e9n\u00e9ral, dans le cadre de la plate forme EEDD (Education \u00e0 l\u2019Environnement et au D\u00e9veloppement Durable) du Conseil D\u00e9partemental. L\u2019objectif est de d\u00e9velopper des outils permettant la mise en relation des producteurs avec les organisateurs d\u2019\u00e9v\u00e9nements (bals, f\u00eates locales, etc.) pour que ces derniers puissent proposer des \u00ab&nbsp;Repas Bio 88&nbsp;\u00bb servis par les producteurs locaux lors de leurs manifestations.<\/em><\/p>\n\n\n\n<p>&nbsp;<strong>Buvette au lavoir<\/strong><\/p>\n\n\n\n<p>Bi\u00e8re pression 25 cl&nbsp; &nbsp; &nbsp; &nbsp; &nbsp; 2.50 \u20ac<\/p>\n\n\n\n<p>Jus de fruits 20 cl&nbsp; &nbsp; &nbsp; &nbsp; &nbsp; &nbsp; &nbsp;1.50 \u20ac<\/p>\n\n\n\n<p>Caf\u00e9&nbsp; &nbsp; &nbsp; &nbsp; &nbsp; &nbsp; &nbsp; &nbsp; &nbsp; &nbsp; &nbsp; &nbsp; &nbsp; &nbsp; &nbsp; &nbsp; &nbsp; &nbsp; 1.00 \u20ac<\/p>\n\n\n\n<p>Th\u00e9&nbsp; &nbsp; &nbsp; &nbsp; &nbsp; &nbsp; &nbsp; &nbsp; &nbsp; &nbsp; &nbsp; &nbsp; &nbsp; &nbsp; &nbsp; &nbsp; &nbsp; &nbsp; &nbsp;1.00 \u20ac<\/p>\n\n\n\n<p>Eau disponible gratuitement \u00e0 la \u00ab\u00a0fontaine \u00e0 eau\u00a0\u00bb<\/p>\n\n\n\n<p><strong><em>&nbsp;Restauration au lavoir&nbsp;&nbsp;<\/em><\/strong><\/p>\n\n\n\n<p><strong><em>&nbsp;&#8211; Samedi 18 avril<\/em><\/strong><\/p>\n\n\n\n<p><em>&nbsp; &nbsp; <strong>Vente tickets de 18h 00 \u00e0 20h 30<\/strong><\/em><\/p>\n\n\n\n<p><strong><em>&nbsp; &nbsp; Service de 18h 30 \u00e0 21h 00<\/em><\/strong><\/p>\n\n\n\n<p><em>&nbsp;<strong>&#8211; Dimanche 19 avril<\/strong><\/em><\/p>\n\n\n\n<p><em>&nbsp; &nbsp; <strong>Vente tickets de 11h 30 \u00e0 14h 00<\/strong><\/em><\/p>\n\n\n\n<p><strong><em>&nbsp; &nbsp; &nbsp;Service de 12h 00 \u00e0 14h 30<\/em><\/strong><\/p>\n\n\n\n<p><strong><em>Pour plus d&rsquo;informations :&nbsp;Tel:&nbsp; 07 69 27 03 91&nbsp;<\/em><\/strong><\/p>\n\n\n\n<h1 class=\"wp-block-heading has-text-align-center\">Menus 2026<\/h1>\n\n\n\n<h2 class=\"wp-block-heading\">Samedi soir <\/h2>\n\n\n\n<figure class=\"wp-block-image size-full\"><a href=\"https:\/\/relangesbio.fr\/wp-content\/uploads\/2026\/04\/Menu-samedi-soir-1.jpg\"><img loading=\"lazy\" decoding=\"async\" width=\"455\" height=\"622\" src=\"https:\/\/relangesbio.fr\/wp-content\/uploads\/2026\/04\/Menu-samedi-soir-1.jpg\" alt=\"\" class=\"wp-image-3266\" srcset=\"https:\/\/relangesbio.fr\/wp-content\/uploads\/2026\/04\/Menu-samedi-soir-1.jpg 455w, https:\/\/relangesbio.fr\/wp-content\/uploads\/2026\/04\/Menu-samedi-soir-1-219x300.jpg 219w\" sizes=\"auto, (max-width: 455px) 100vw, 455px\" \/><\/a><\/figure>\n\n\n\n<p><strong><em>&nbsp;<\/em><\/strong><\/p>\n\n\n\n<figure class=\"wp-block-image size-full\"><a href=\"https:\/\/relangesbio.fr\/wp-content\/uploads\/2026\/04\/Menu-samedi-soir-2-1.jpg\"><img loading=\"lazy\" decoding=\"async\" width=\"458\" height=\"648\" src=\"https:\/\/relangesbio.fr\/wp-content\/uploads\/2026\/04\/Menu-samedi-soir-2-1.jpg\" alt=\"\" class=\"wp-image-3267\" srcset=\"https:\/\/relangesbio.fr\/wp-content\/uploads\/2026\/04\/Menu-samedi-soir-2-1.jpg 458w, https:\/\/relangesbio.fr\/wp-content\/uploads\/2026\/04\/Menu-samedi-soir-2-1-212x300.jpg 212w\" sizes=\"auto, (max-width: 458px) 100vw, 458px\" \/><\/a><\/figure>\n\n\n\n<h2 class=\"wp-block-heading\">Dimanche midi<\/h2>\n\n\n\n<figure class=\"wp-block-image size-full\"><a href=\"https:\/\/relangesbio.fr\/wp-content\/uploads\/2026\/04\/Menu-dimanch.jpg\"><img loading=\"lazy\" decoding=\"async\" width=\"456\" height=\"605\" src=\"https:\/\/relangesbio.fr\/wp-content\/uploads\/2026\/04\/Menu-dimanch.jpg\" alt=\"\" class=\"wp-image-3261\" srcset=\"https:\/\/relangesbio.fr\/wp-content\/uploads\/2026\/04\/Menu-dimanch.jpg 456w, https:\/\/relangesbio.fr\/wp-content\/uploads\/2026\/04\/Menu-dimanch-226x300.jpg 226w\" sizes=\"auto, (max-width: 456px) 100vw, 456px\" \/><\/a><\/figure>\n\n\n\n<figure class=\"wp-block-image size-full\"><a href=\"https:\/\/relangesbio.fr\/wp-content\/uploads\/2026\/04\/Menu-dimanche-2.jpg\"><img loading=\"lazy\" decoding=\"async\" width=\"459\" height=\"647\" src=\"https:\/\/relangesbio.fr\/wp-content\/uploads\/2026\/04\/Menu-dimanche-2.jpg\" alt=\"\" class=\"wp-image-3263\" srcset=\"https:\/\/relangesbio.fr\/wp-content\/uploads\/2026\/04\/Menu-dimanche-2.jpg 459w, https:\/\/relangesbio.fr\/wp-content\/uploads\/2026\/04\/Menu-dimanche-2-213x300.jpg 213w\" sizes=\"auto, (max-width: 459px) 100vw, 459px\" \/><\/a><\/figure>\n\n\n\n\n\n<details class=\"wp-block-details is-layout-flow wp-block-details-is-layout-flow\"><summary><\/summary>\n<address>\u00a0<\/address>\n<address><span style=\"background-color: #99ccff; font-size: 18pt;\"><strong>Possibilit\u00e9 de restauration le samedi midi pour les exposants<\/strong><\/span><span style=\"background-color: #99ccff;\"><strong>TRUCK de FOU<\/strong>, COURTOIS Nina, \u00a0\u2013 Tel: 07 86 58\u00a0 51 91 \u2013 Mel: truckdefou@yahoo.com \u2013 Vente de plats traditionnels de type burgers , salades, desserts.<\/span><\/address>\n<address>\u00a0<\/address>\n<address>\u00a0<\/address>\n<address>\u00a0<\/address>\n<address><span style=\"font-size: 18pt;\"><em><strong>Un\u00a0 \u00ab Repas Bio 88 \u00bb est organis\u00e9 dans le cadre de la f\u00eate Relanges Bio du 18 et 19 avril 2026<\/strong><\/em><\/span><\/address>\n<address>\u00a0<\/address>\n<address><a href=\"https:\/\/relangesbio.fr\/wp-content\/uploads\/2025\/04\/Repas-Bio-88-logo.jpg\"><img loading=\"lazy\" decoding=\"async\" class=\"alignnone size-medium wp-image-2984\" src=\"https:\/\/relangesbio.fr\/wp-content\/uploads\/2025\/04\/Repas-Bio-88-logo-300x188.jpg\" alt=\"\" width=\"300\" height=\"188\" srcset=\"https:\/\/relangesbio.fr\/wp-content\/uploads\/2025\/04\/Repas-Bio-88-logo-300x188.jpg 300w, https:\/\/relangesbio.fr\/wp-content\/uploads\/2025\/04\/Repas-Bio-88-logo.jpg 443w\" sizes=\"auto, (max-width: 300px) 100vw, 300px\" \/><\/a><\/address>\n<p><!--more--><\/p>\n<address>\u00a0<\/address>\n<address><span style=\"font-size: small;\">\u00ab\u00a0REPAS BIO 88 \u00bb est une initiative port\u00e9e par le GAB des Vosges, en partenariat avec la Chambre d\u2019Agriculture des Vosges et le Conseil G\u00e9n\u00e9ral, dans le cadre de la plate forme EEDD (Education \u00e0 l\u2019Environnement et au D\u00e9veloppement Durable) du Conseil D\u00e9partemental. L\u2019objectif est de d\u00e9velopper des outils permettant la mise en relation des producteurs avec les organisateurs d\u2019\u00e9v\u00e9nements (bals, f\u00eates locales, etc.) pour que ces derniers puissent proposer des \u00ab\u00a0Repas Bio 88\u00a0\u00bb servis par les producteurs locaux lors de leurs manifestations.<\/span><\/address>\n<p>&nbsp;<\/p>\n<p>&nbsp;<\/p>\n<p><span style=\"font-size: large; color: #000000;\">\u00a0<span style=\"font-size: 18pt; background-color: #99ccff;\"><strong>Buvette au lavoir<\/strong><\/span><\/span><\/p>\n<p>Bi\u00e8re pression 25 cl\u00a0 \u00a0 \u00a0 \u00a0 \u00a0 2.50 \u20ac<\/p>\n<p>Jus de fruits 20 cl\u00a0 \u00a0 \u00a0 \u00a0 \u00a0 \u00a0 \u00a01.50 \u20ac<\/p>\n<p>Caf\u00e9\u00a0 \u00a0 \u00a0 \u00a0 \u00a0 \u00a0 \u00a0 \u00a0 \u00a0 \u00a0 \u00a0 \u00a0 \u00a0 \u00a0 \u00a0 \u00a0 \u00a0 \u00a0 1.00 \u20ac<\/p>\n<p>Th\u00e9\u00a0 \u00a0 \u00a0 \u00a0 \u00a0 \u00a0 \u00a0 \u00a0 \u00a0 \u00a0 \u00a0 \u00a0 \u00a0 \u00a0 \u00a0 \u00a0 \u00a0 \u00a0 \u00a01.00 \u20ac<\/p>\n<p>Eau disponible gratuitement \u00e0 la \u00ab\u00a0fontaine \u00e0 eau\u00a0\u00bb<\/p>\n<address>\u00a0<\/address>\n<address><span style=\"font-size: large;\"><strong>\u00a0<span style=\"font-size: 18pt; background-color: #99ccff; color: #000000;\">Restauration au lavoir\u00a0\u00a0<\/span><\/strong><\/span><\/address>\n<address>\u00a0<\/address>\n<address><span style=\"font-size: medium;\"><strong>\u00a0<span style=\"font-size: 18pt;\">&#8211; <span style=\"color: #000000;\">Samedi 18 avril<\/span><\/span><\/strong><\/span><\/address>\n<address>\u00a0 \u00a0 <strong>Vente tickets de 18h 00 \u00e0 20h 30<\/strong><\/address>\n<address><strong>\u00a0 \u00a0 Service de 18h 30 \u00e0 21h 00<\/strong><\/address>\n<address>\u00a0<\/address>\n<address><span style=\"font-size: 18pt;\">\u00a0<strong>&#8211; <span style=\"color: #000000;\">Dimanche 19 avril<\/span><\/strong><\/span><\/address>\n<address>\n<address>\u00a0 \u00a0 <strong>Vente tickets de 11h 30 \u00e0 14h 00<\/strong><\/address>\n<address><strong>\u00a0 \u00a0 \u00a0Service de 12h 00 \u00e0 14h 30<\/strong><\/address>\n<\/address>\n<address>\u00a0<\/address>\n<address><span style=\"font-size: medium;\"><strong>Pour plus d&rsquo;informations :\u00a0<\/strong><\/span><span style=\"font-size: medium;\"><strong>Tel:\u00a0 07 69 27 03 91\u00a0<\/strong><\/span><\/address>\n<address>\u00a0<\/address>\n<address><span style=\"font-size: x-large; background-color: #99ccff;\"><strong>Menus 2026\u00a0 \u00a0 \u00a0en cours de mise \u00e0 jour\u00a0 \u00a0 \u00a0 \u00a0 \u00a0 \u00a0 \u00a0 \u00a0 \u00a0 \u00a0 \u00a0 \u00a0 \u00a0 \u00a0<\/strong><\/span><\/address>\n<address>\u00a0<\/address>\n<address><span style=\"font-size: x-large;\"><strong>Samedi soir et Dimanche midi<\/strong><\/span><\/address>\n<address>\u00a0<\/address>\n<address>\n<table width=\"614\">\n<tbody>\n<tr>\n<td>\n<p><strong>Menus<\/strong><\/p>\n<\/td>\n<td width=\"156\">\n<p><strong>FERME BIO ET LOCALE<\/strong><\/p>\n<\/td>\n<td width=\"113\">\u00a0<\/td>\n<\/tr>\n<tr>\n<td>\n<p>Pain au levain naturel cuit au bois<\/p>\n<\/td>\n<td width=\"156\">\n<p>Le GAEC des Co&rsquo;pains<\/p>\n<\/td>\n<td width=\"113\">\n<p>Offert par le GAB 88<\/p>\n<\/td>\n<\/tr>\n<tr>\n<td>\n<p>Assiette ap\u00e9ritive \u00e0 partager pour 2\/3 personnes &#8211; Fromages de vache<\/p>\n<\/td>\n<td width=\"156\">\n<p>La Ferme de la Fontenelle<\/p>\n<\/td>\n<td width=\"113\">\n<p>10,00\u20ac<\/p>\n<\/td>\n<\/tr>\n<tr>\n<td>\n<p>Velout\u00e9 de poireau<\/p>\n<\/td>\n<td width=\"156\">\n<p>Les Jardins de Karine<\/p>\n<\/td>\n<td width=\"113\">\n<p>4,80\u20ac<\/p>\n<\/td>\n<\/tr>\n<tr>\n<td>\n<p>Tarte aux plantes sauvages<\/p>\n<\/td>\n<td width=\"156\">\n<p>Les Jardins de Karine<\/p>\n<\/td>\n<td width=\"113\">\n<p>4,70\u20ac<\/p>\n<\/td>\n<\/tr>\n<tr>\n<td>\n<p>Pommes frites<\/p>\n<\/td>\n<td width=\"156\">\n<p>ECOlonie<\/p>\n<\/td>\n<td width=\"113\">\n<p>4, 00\u20ac<\/p>\n<\/td>\n<\/tr>\n<tr>\n<td>\n<p>Mousse de Courge Butternut<\/p>\n<\/td>\n<td width=\"156\">\n<p>Les Jardins de Karine<\/p>\n<\/td>\n<td width=\"113\">\n<p>3,20\u20ac<\/p>\n<\/td>\n<\/tr>\n<tr>\n<td>\n<p>Crousti-pani<\/p>\n<\/td>\n<td width=\"156\">\n<p>ECOlonie<\/p>\n<\/td>\n<td width=\"113\">\n<p>4,00\u20ac<\/p>\n<\/td>\n<\/tr>\n<tr>\n<td>\n<p>Pastiflette<\/p>\n<\/td>\n<td width=\"156\">\n<p>La Ferme de la Fontenelle<\/p>\n<\/td>\n<td width=\"113\">\n<p>10,00\u20ac<\/p>\n<\/td>\n<\/tr>\n<tr>\n<td>\n<p>Mousse de Courge Butternut<\/p>\n<\/td>\n<td width=\"156\">\n<p>Les Jardins de Karine<\/p>\n<\/td>\n<td width=\"113\">\n<p>3,20\u20ac<\/p>\n<\/td>\n<\/tr>\n<tr>\n<td>\n<p>2 merguez 100% brebis (2x60g)<\/p>\n<\/td>\n<td width=\"156\">\n<p>La Bergerie la Courte Botte<\/p>\n<\/td>\n<td width=\"113\">\n<p>5,00\u20ac<\/p>\n<\/td>\n<\/tr>\n<tr>\n<td>\n<p>Steak hach\u00e9 de Viom\u00e9nil<\/p>\n<\/td>\n<td width=\"156\">\n<p>Charl\u00e8ne Fransot<\/p>\n<\/td>\n<td width=\"113\">\n<p>5,50\u20ac<\/p>\n<\/td>\n<\/tr>\n<tr>\n<td>\n<p>Part de fromage 50 g environ &#8211; au choix<\/p>\n<\/td>\n<td width=\"156\">\n<p>La Ferme de la Fontenelle<\/p>\n<\/td>\n<td width=\"113\">\n<p>1,50\u20ac<\/p>\n<\/td>\n<\/tr>\n<tr>\n<td>\n<p>Cr\u00e8me dessert sureau &#8211; Pot 125 ml<br \/>Cr\u00e8me dessert reine des pr\u00e8s &#8211; Pot 125 ml<\/p>\n<\/td>\n<td width=\"156\">\n<p>La Ferme de la Fontenelle<\/p>\n<\/td>\n<td width=\"113\">\n<p>1,50\u20ac<\/p>\n<\/td>\n<\/tr>\n<tr>\n<td>\n<p>1 Moelleux Pomme + coulis<\/p>\n<\/td>\n<td width=\"156\">\n<p>Les Jardins de Karine<\/p>\n<\/td>\n<td width=\"113\">\n<p>3,55\u20ac<\/p>\n<\/td>\n<\/tr>\n<tr>\n<td>\n<p>1 Moelleux Groseille rose + coulis<\/p>\n<\/td>\n<td width=\"156\">\n<p>Les Jardins de Karine<\/p>\n<\/td>\n<td width=\"113\">\n<p>4,00\u20ac<\/p>\n<\/td>\n<\/tr>\n<tr>\n<td>\n<p>1 Moelleux Cassis + coulis<\/p>\n<\/td>\n<td width=\"156\">\n<p>Les Jardins de Karine<\/p>\n<\/td>\n<td width=\"113\">\n<p>4,00\u20ac<\/p>\n<\/td>\n<\/tr>\n<tr>\n<td>\n<p>Tarte gourmande \u00e0 la Framboise<\/p>\n<\/td>\n<td width=\"156\">\n<p>Les Jardins de Karine<\/p>\n<\/td>\n<td width=\"113\">\n<p>5,35\u20ac<\/p>\n<\/td>\n<\/tr>\n<tr>\n<td>\n<p>Tarte gourmande \u00e0 la Cerise griotte<\/p>\n<\/td>\n<td width=\"156\">\n<p>Les Jardins de Karine<\/p>\n<\/td>\n<td width=\"113\">\n<p>5,35\u20ac<\/p>\n<\/td>\n<\/tr>\n<tr>\n<td>\n<p>Tarte gourmande au Cassis<\/p>\n<\/td>\n<td width=\"156\">\n<p>Les Jardins de Karine<\/p>\n<\/td>\n<td width=\"113\">\n<p>5,35\u20ac<\/p>\n<\/td>\n<\/tr>\n<\/tbody>\n<\/table>\n<\/address>\n<address>\u00a0<\/address>\n<p style=\"text-align: center;\"><span style=\"font-size: large;\"><strong>\u00a0<\/strong><\/span><\/p>\n<address>\u00a0<\/address>\n<address><span style=\"font-size: medium;\">\u00a0<\/span><\/address>\n<p><span style=\"font-size: medium;\">\u00a0<\/span><\/p>\n\n\n\n<p><\/p>\n\n\n\n<p><\/p>\n<\/details>\n","protected":false},"excerpt":{"rendered":"<p>Samedi soir et Dimanche midi &nbsp;Possibilit\u00e9 de restauration le samedi midi pour les exposantsTRUCK de FOU, COURTOIS Nina, &nbsp;\u2013 Tel: 07 86 58 51 91 \u2013 Mel: truckdefou@yahoo.com \u2013 Vente de plats traditionnels de type burgers , salades, desserts. Un&nbsp; &hellip; <a href=\"https:\/\/relangesbio.fr\/?page_id=58\">Continuer la lecture <span class=\"meta-nav\">&rarr;<\/span><\/a><\/p>\n","protected":false},"author":1,"featured_media":0,"parent":31,"menu_order":0,"comment_status":"open","ping_status":"open","template":"","meta":{"footnotes":""},"class_list":["post-58","page","type-page","status-publish","hentry"],"_links":{"self":[{"href":"https:\/\/relangesbio.fr\/index.php?rest_route=\/wp\/v2\/pages\/58","targetHints":{"allow":["GET"]}}],"collection":[{"href":"https:\/\/relangesbio.fr\/index.php?rest_route=\/wp\/v2\/pages"}],"about":[{"href":"https:\/\/relangesbio.fr\/index.php?rest_route=\/wp\/v2\/types\/page"}],"author":[{"embeddable":true,"href":"https:\/\/relangesbio.fr\/index.php?rest_route=\/wp\/v2\/users\/1"}],"replies":[{"embeddable":true,"href":"https:\/\/relangesbio.fr\/index.php?rest_route=%2Fwp%2Fv2%2Fcomments&post=58"}],"version-history":[{"count":88,"href":"https:\/\/relangesbio.fr\/index.php?rest_route=\/wp\/v2\/pages\/58\/revisions"}],"predecessor-version":[{"id":3270,"href":"https:\/\/relangesbio.fr\/index.php?rest_route=\/wp\/v2\/pages\/58\/revisions\/3270"}],"up":[{"embeddable":true,"href":"https:\/\/relangesbio.fr\/index.php?rest_route=\/wp\/v2\/pages\/31"}],"wp:attachment":[{"href":"https:\/\/relangesbio.fr\/index.php?rest_route=%2Fwp%2Fv2%2Fmedia&parent=58"}],"curies":[{"name":"wp","href":"https:\/\/api.w.org\/{rel}","templated":true}]}}