{"id":8,"date":"2012-10-28T12:31:23","date_gmt":"2012-10-28T11:31:23","guid":{"rendered":"http:\/\/relangesbio.fr\/?page_id=8"},"modified":"2025-01-12T07:34:04","modified_gmt":"2025-01-12T06:34:04","slug":"reglement-exposant","status":"publish","type":"page","link":"https:\/\/relangesbio.fr\/?page_id=8","title":{"rendered":"Acc\u00e8s aux exposants"},"content":{"rendered":"\n<p><\/p>\n\n\n<p><span style=\"background-color: #00ccff;\"><strong><span style=\"font-size: 18pt; background-color: #00ccff;\">Possibilit\u00e9 de restauration le samedi midi pour les exposants<\/span><\/strong><\/span><\/p>\n<p><strong>TRUCK de FOU<\/strong>, COURTOIS Nina, 8 rue de l\u2019\u00e9glise \u2013 88320 BLEVAINCOURT \u2013 Tel: 07 86 58\u00a0 51 91 \u2013 Mel: truckdefou@yahoo.com \u2013 Vente de plats traditionnels de type burgers , salades, desserts.<\/p>\n<p style=\"text-align: center;\"><span style=\"font-size: 18pt;\"><strong>Conditions g\u00e9n\u00e9rales de participation \u00e0 la 19 i\u00e8me \u00e9dition de <\/strong><\/span><\/p>\n<p style=\"text-align: center;\"><span style=\"font-size: 18pt;\"><strong>\u00ab Relanges Bio 2025 \u00bb<\/strong><\/span><\/p>\n<p><strong>1) Engagement. <\/strong>Les exposants s&rsquo;engagent \u00e0 respecter les clauses du pr\u00e9sent document. Du fait de leur adh\u00e9sion\u00a0 ces derniers renoncent \u00e0 tout recours contre les organisateurs.<\/p>\n<p><strong>2) Emplacement.<\/strong> Les stands seront dispos\u00e9s dans les rues du\u00a0 village. <strong>Pr\u00e9voir le mat\u00e9riel n\u00e9cessaire \u00e0 votre installation<\/strong> <strong>(abri, tables, chaises tr\u00e9teaux\u2026)<\/strong><\/p>\n<p>Branchement \u00e9lectrique possible, nous le signaler\u00a0 lors de votre inscription.<\/p>\n<p><strong>3) Electricit\u00e9. <\/strong>L\u2019exposant doit pr\u00e9voir des rallonges et multiprises pour l\u2019alimentation \u00e9lectrique de son stand. Dans le cadre des \u00e9conomies d\u2019\u00e9nergie, l\u2019utilisation\u00a0 de projecteur \u00ab\u00a0halog\u00e8nes\u00a0\u00bb est interdit. Privil\u00e9gier l\u2019usage de lampes \u00e9conomiques.<\/p>\n<p><strong>4) Accueil des exposants<\/strong> <strong>le samedi \u00e0 partir de 9h 30. <\/strong>Le stand doit \u00eatre install\u00e9 pour <strong>13 h<\/strong> <strong>30. <span style=\"color: #000000;\">Par respect pour les visiteurs, la vente doit se poursuivre pendant toute la dur\u00e9e d\u2019ouverture officielle de la foire.<\/span><\/strong><\/p>\n<p><strong>5) Vente\u00a0 <\/strong>Seuls les produits mentionn\u00e9s sur le bulletin d\u2019inscription seront admis \u00e0 la vente, apr\u00e8s accord de l\u2019organisateur.<\/p>\n<p><strong>\u00a0 &#8211; Produits alimentaires et Huiles essentielles<\/strong> Les produits expos\u00e9s doivent \u00eatre certifi\u00e9s Agriculture Biologique ou Nature et Progr\u00e8s. <strong>Joindre obligatoirement les photocopies du dernier certificat et de la\u00a0 licence.<\/strong><\/p>\n<p><strong>&#8211;\u00a0 Linge de maison et habillement. <\/strong>Les mati\u00e8res premi\u00e8res doivent \u00eatre de cultures biologiques ou issues du recyclage. Les mati\u00e8res synth\u00e9tiques ne sont pas autoris\u00e9es.<\/p>\n<p><strong>&#8211;\u00a0 Produits divers. <\/strong>Les produits expos\u00e9s doivent\u00a0 \u00eatre issue de produits naturels et ne pas contenir de composants toxiques ou de synth\u00e8ses.<\/p>\n<p><strong>&#8211;\u00a0 Cosm\u00e9tiques <\/strong>Les produits expos\u00e9s doivent r\u00e9pondre \u00e0 une certification. <strong>Joindre le certificat<\/strong>.<\/p>\n<p><strong>6) Restauration\u00a0 <\/strong>La restauration sur site doit faire l\u2019objet d\u2019une demande sp\u00e9ciale aupr\u00e8s des organisateurs.<\/p>\n<p><strong>7) Propret\u00e9<\/strong> : Lors du montage et du d\u00e9montage de votre stand, de m\u00eame pendant toute la dur\u00e9e de la foire, merci d\u2019utiliser les poubelles mises \u00e0 votre disposition et de respecter le tri s\u00e9lectif (papier et carton \/ verre \/ autres d\u00e9chets). Apr\u00e8s d\u00e9montage de votre stand, l\u2019emplacement doit \u00eatre rendu propre.<\/p>\n<p><strong>8) Assurance<\/strong>.<\/p>\n<p><strong>a)<\/strong> Les exposants doivent \u00eatre titulaires d\u2019une assurance responsabilit\u00e9 civile\u00a0 et professionnelle\u00a0 couvrant les risques li\u00e9s \u00e0 ce genre de manifestation.<\/p>\n<p><strong>b) <\/strong>Les exposants, les exploitants d\u2019activit\u00e9s de restauration et d\u2019animations sont responsables de l\u2019application des r\u00e8gles de s\u00e9curit\u00e9 propres \u00e0 leurs activit\u00e9s respectives (extincteurs, conformit\u00e9 des mat\u00e9riels et des mat\u00e9riaux, hygi\u00e8ne\u2026.)<\/p>\n<p><strong>c) \u00a0<\/strong>Les contrevenants au r\u00e8glement sont inform\u00e9s qu\u2019ils peuvent \u00eatre interdits d\u2019exposition par le charg\u00e9 de la s\u00e9curit\u00e9.<\/p>\n<p><strong>d)<\/strong> Le comit\u00e9 d\u2019organisation n\u2019assurant pas le gardiennage pendant la p\u00e9riode de fermeture, les exposants sont donc invit\u00e9s \u00e0 ne pas laisser d\u2019objets et marchandises de valeurs.<\/p>\n<p><strong>9) H\u00e9bergement. <span style=\"font-size: small;\">Voir la liste dans la rubrique informations<\/span><\/strong><span style=\"font-size: small;\">.<\/span><\/p>\n<p><strong>10) Responsabilit\u00e9. <\/strong>Les organisateurs d\u00e9clinent toutes responsabilit\u00e9s en cas de vol ou de d\u00e9gradations m\u00eame caus\u00e9es par des conditions climatiques, ainsi qu\u2019en cas de fermeture exig\u00e9e par la pr\u00e9fecture. L\u2019annulation de la foire en cas de force majeure ou suite \u00e0 une catastrophe naturelle n\u2019entra\u00eene aucun remboursement.<\/p>\n<p><strong>\u00a011) Inscription<\/strong><\/p>\n<p><strong>\u00a0Les inscriptions seront prisent en compte apr\u00e8s r\u00e9ception de la fiche d&rsquo;inscription (joindre les certifications et une attestation d&rsquo;assurance) accompagn\u00e9e de votre r\u00e8glement (emplacement + forfait \u00e9lectricit\u00e9) \u00e0 l\u2019ordre de l\u2019Association Relanges Bio avant le 15 f\u00e9vrier 2025.<\/strong><\/p>\n<p><strong>Pour les associations<\/strong> les inscriptions seront prises en compte apr\u00e8s r\u00e9ception du bulletin d\u2019inscription accompagn\u00e9 de la photocopie de leurs statuts.<\/p>\n<address><span style=\"font-size: medium;\"><strong>Pour tout renseignements compl\u00e9mentaires contacter Pascale: <\/strong><\/span><\/address><address><span style=\"font-size: medium;\"><strong>\u00a0<\/strong><\/span><\/address><address><span style=\"font-size: medium;\"><strong>\u00a0<\/strong><span style=\"color: #3366ff;\"><strong>Port:\u00a0 06 86 04 26 37<\/strong><\/span><\/span><\/address><address><span style=\"font-size: medium; color: #3366ff;\"><strong>Mail: contact.foire.relangesbio@orange.fr\u00a0<\/strong><\/span><\/address><address><span style=\"color: #3366ff;\">\u00a0<\/span><\/address>\n<p><strong><span style=\"text-decoration: underline;\">Les organisateurs se r\u00e9servant le <span style=\"background-color: #ffffff;\">droit<\/span> de refuser toute inscription.<\/span><\/strong><\/p>","protected":false},"excerpt":{"rendered":"<p>Possibilit\u00e9 de restauration le samedi midi pour les exposants TRUCK de FOU, COURTOIS Nina, 8 rue de l\u2019\u00e9glise \u2013 88320 BLEVAINCOURT \u2013 Tel: 07 86 58\u00a0 51 91 \u2013 Mel: truckdefou@yahoo.com \u2013 Vente de plats traditionnels de type burgers , &hellip; <a href=\"https:\/\/relangesbio.fr\/?page_id=8\">Continuer la lecture <span class=\"meta-nav\">&rarr;<\/span><\/a><\/p>\n","protected":false},"author":1,"featured_media":0,"parent":0,"menu_order":28,"comment_status":"open","ping_status":"open","template":"","meta":{"footnotes":""},"class_list":["post-8","page","type-page","status-publish","hentry"],"_links":{"self":[{"href":"https:\/\/relangesbio.fr\/index.php?rest_route=\/wp\/v2\/pages\/8","targetHints":{"allow":["GET"]}}],"collection":[{"href":"https:\/\/relangesbio.fr\/index.php?rest_route=\/wp\/v2\/pages"}],"about":[{"href":"https:\/\/relangesbio.fr\/index.php?rest_route=\/wp\/v2\/types\/page"}],"author":[{"embeddable":true,"href":"https:\/\/relangesbio.fr\/index.php?rest_route=\/wp\/v2\/users\/1"}],"replies":[{"embeddable":true,"href":"https:\/\/relangesbio.fr\/index.php?rest_route=%2Fwp%2Fv2%2Fcomments&post=8"}],"version-history":[{"count":62,"href":"https:\/\/relangesbio.fr\/index.php?rest_route=\/wp\/v2\/pages\/8\/revisions"}],"predecessor-version":[{"id":2833,"href":"https:\/\/relangesbio.fr\/index.php?rest_route=\/wp\/v2\/pages\/8\/revisions\/2833"}],"wp:attachment":[{"href":"https:\/\/relangesbio.fr\/index.php?rest_route=%2Fwp%2Fv2%2Fmedia&parent=8"}],"curies":[{"name":"wp","href":"https:\/\/api.w.org\/{rel}","templated":true}]}}